{"id":4590,"date":"2024-04-07T23:40:55","date_gmt":"2024-04-08T02:40:55","guid":{"rendered":"https:\/\/gruposur-re.com\/?post_type=product&#038;p=4590"},"modified":"2024-04-08T00:04:43","modified_gmt":"2024-04-08T03:04:43","slug":"one-hand-stanley-473ml","status":"publish","type":"product","link":"https:\/\/gruposur-re.com\/index.php\/product\/one-hand-stanley-473ml\/","title":{"rendered":"ONE HAND STANLEY 473ML"},"content":{"rendered":"<div class=\"stanleypm-stanleypm-4-x-product_description\">\n<div class=\"stanleypm-stanleypm-4-x-expanded\">\n<p>Sumergite en la dulzura de la vida con nuestro vaso t\u00e9rmico Stanley en rosa. Su tono suave y delicado agrega un toque de feminidad a cada sorbo, mientras que su rendimiento t\u00e9rmico garantiza que tus bebidas favoritas se mantengan a la temperatura perfecta, acompa\u00f1\u00e1ndote en cada paso.<\/p>\n<\/div>\n<\/div>\n","protected":false},"excerpt":{"rendered":"<p><strong>CAPACIDAD:<\/strong> 473ml<\/p>\n","protected":false},"featured_media":4591,"comment_status":"open","ping_status":"closed","template":"","meta":{"_joinchat":[]},"product_brand":[],"product_cat":[126],"product_tag":[],"class_list":{"0":"post-4590","1":"product","2":"type-product","3":"status-publish","4":"has-post-thumbnail","6":"product_cat-stanley-distribuidores-oficiales","8":"first","9":"instock","10":"shipping-taxable","11":"product-type-simple"},"_links":{"self":[{"href":"https:\/\/gruposur-re.com\/index.php\/wp-json\/wp\/v2\/product\/4590"}],"collection":[{"href":"https:\/\/gruposur-re.com\/index.php\/wp-json\/wp\/v2\/product"}],"about":[{"href":"https:\/\/gruposur-re.com\/index.php\/wp-json\/wp\/v2\/types\/product"}],"replies":[{"embeddable":true,"href":"https:\/\/gruposur-re.com\/index.php\/wp-json\/wp\/v2\/comments?post=4590"}],"wp:featuredmedia":[{"embeddable":true,"href":"https:\/\/gruposur-re.com\/index.php\/wp-json\/wp\/v2\/media\/4591"}],"wp:attachment":[{"href":"https:\/\/gruposur-re.com\/index.php\/wp-json\/wp\/v2\/media?parent=4590"}],"wp:term":[{"taxonomy":"product_brand","embeddable":true,"href":"https:\/\/gruposur-re.com\/index.php\/wp-json\/wp\/v2\/product_brand?post=4590"},{"taxonomy":"product_cat","embeddable":true,"href":"https:\/\/gruposur-re.com\/index.php\/wp-json\/wp\/v2\/product_cat?post=4590"},{"taxonomy":"product_tag","embeddable":true,"href":"https:\/\/gruposur-re.com\/index.php\/wp-json\/wp\/v2\/product_tag?post=4590"}],"curies":[{"name":"wp","href":"https:\/\/api.w.org\/{rel}","templated":true}]}}